e the prime factors of 2107?
7, 43
What are the prime factors of 150677?
89, 1693
List the prime factors of 909.
3, 101
What are the prime factors of 1758?
2, 3, 293
List the prime factors of 3994.
2, 1997
What are the prime factors of 1418?
2, 709
What are the prime factors of 754?
2, 13, 29
List the prime factors of 1014.
2, 3, 13
What are the prime factors of 9291?
3, 19, 163
What are the prime factors of 39199?
39199
List the prime factors of 31319.
31319
What are the prime factors of 96721?
311
What are the prime factors of 11475?
3, 5, 17
What are the prime factors of 50306?
2, 25153
List the prime factors of 296.
2, 37
What are the prime factors of 1553?
1553
List the prime factors of 40426.
2, 17, 29, 41
What are the prime factors of 517?
11, 47
What are the prime factors of 54151?
54151
List the prime factors of 1745.
5, 349
List the prime factors of 105.
3, 5, 7
What are the prime factors of 6011?
6011
List the prime factors of 11704.
2, 7, 11, 19
List the prime factors of 3925.
5, 157
What are the prime factors of 1199?
11, 109
What are the prime factors of 2916?
2, 3
What are the prime factors of 120843?
3, 29, 463
List the prime factors of 1287.
3, 11, 13
List the prime factors of 4953.
3, 13, 127
List the prime factors of 38101.
7, 5443
What are the prime factors of 200?
2, 5
List the prime factors of 42862.
2, 29, 739
List the prime factors of 3847.
3847
What are the prime factors of 746?
2, 373
What are the prime factors of 169?
13
List the prime factors of 142031.
142031
What are the prime factors of 1049?
1049
List the prime factors of 47011.
53, 887
List the prime factors of 804.
2, 3, 67
List the prime factors of 26978.
2, 7, 41, 47
List the prime factors of 37099.
23, 1613
List the prime factors of 15654.
2, 3, 2609
List the prime factors of 1083.
3, 19
List the prime factors of 39413.
11, 3583
What are the prime factors of 6318?
2, 3, 13
List the prime factors of 13575.
3, 5, 181
List the prime factors of 2641.
19, 139
List the prime factors of 157.
157
What are the prime factors of 113819?
113819
List the prime factors of 34.
2, 17
What are the prime factors of 9114?
2, 3, 7, 31
What are the prime factors of 3827?
43, 89
List the prime factors of 6504.
2, 3, 271
What are the prime factors of 1100?
2, 5, 11
List the prime factors of 85942.
2, 97, 443
What are the prime factors of 1879?
1879
List the prime factors of 615.
3, 5, 41
What are the prime factors of 6370?
2, 5, 7, 13
What are the prime factors of 2336?
2, 73
What are the prime factors of 386?
2, 193
List the prime factors of 51298.
2, 13, 1973
What are the prime factors of 25271?
37, 683
List the prime factors of 3657.
3, 23, 53
List the prime factors of 16602.
2, 3, 2767
What are the prime factors of 69599?
79, 881
What are the prime factors of 1692?
2, 3, 47
List the prime factors of 1384.
2, 173
List the prime factors of 102618.
2, 3, 5701
List the prime factors of 2692.
2, 673
List the prime factors of 2423.
2423
What are the prime factors of 6281?
11, 571
What are the prime factors of 5691?
3, 7, 271
What are the prime factors of 613?
613
What are the prime factors of 23286?
2, 3, 3881
List the prime factors of 6805.
5, 1361
List the prime factors of 677.
677
List the prime factors of 313.
313
What are the prime factors of 650?
2, 5, 13
What are the prime factors of 7138?
2, 43, 83
What are the prime factors of 1129?
1129
What are the prime factors of 3724?
2, 7, 19
What are the prime factors of 66?
2, 3, 11
What are the prime factors of 3586?
2, 11, 163
What are the prime factors of 21098?
2, 7, 11, 137
List the prime factors of 110338.
2, 43, 1283
List the prime factors of 1044.
2, 3, 29
What are the prime factors of 4882?
2, 2441
List the prime factors of 158989.
37, 4297
List the prime factors of 9653.
7, 197
What are the prime factors of 2867?
47, 61
List the prime factors of 4991.
7, 23, 31
List the prime factors of 2066.
2, 1033
What are the prime factors of 3295?
5, 659
What are the prime factors of 49850?
2, 5, 997
List the prime factors of 41740.
2, 5, 2087
What are the prime factors of 1602?
2, 3, 89
List the prime factors of 16796.
2, 13, 17, 19
List the prime factors of 24464.
2, 11, 139
List the prime factors of 5224.
2, 653
List the prime factors of 2744.
2, 7
What are the prime factors of 18383?
31, 593
List the prime factors of 811.
811
What are the prime factors of 11187?
3, 11, 113
List the prime factors of 510.
2, 3, 5, 17
List the prime factors of 700.
2, 5, 7
List the prime factors of 59650.
2, 5, 1193
What are the prime factors of 2906?
2, 1453
List the prime factors of 1217.
1217
What are the prime factors of 1529?
11, 139
What are the prime factors of 1874?
2, 937
What are the prime factors of 1509?
3, 503
List the prime factors of 1981.
7, 283
List the prime factors of 5643.
3, 11, 19
List the prime factors of 10068.
2, 3, 839
What are the prime factors of 30037?
7, 613
What are the prime factors of 9612?
2, 3, 89
What are the prime factors of 1421?
7, 29
List the prime factors of 6628.
2, 1657
What are the prime factors of 945?
3, 5, 7
List the prime factors of 9789.
3, 13, 251
What are the prime factors of 7145?
5, 1429
What are the prime factors of 38208?
2, 3, 199
What are the prime factors of 5534?
2, 2767
What are the prime factors of 10128?
2, 3, 211
What are the prime factors of 6093?
3, 677
What are the prime factors of 2622?
2, 3, 19, 23
List the prime factors of 1972.
2, 17, 29
List the prime factors of 2350.
2, 5, 47
What are the prime factors of 46156?
2, 11, 1049
What are the prime factors of 15509?
13, 1193
What are the prime factors of 72356?
2, 18089
What are the prime factors of 619?
619
List the prime factors of 1034.
2, 11, 47
What are the prime factors of 2354?
2, 11, 107
What are the prime factors of 49148?
2, 11, 1117
What are the prime factors of 29441?
59, 499
List the prime factors of 2710.
2, 5, 271
List the prime factors of 2124.
2, 3, 59
What are the prime factors of 30671?
30671
What are the prime factors of 318?
2, 3, 53
What are the prime factors of 28793?
28793
What are the prime factors of 11598?
2, 3, 1933
List the prime factors of 18898.
2, 11, 859
List the prime factors of 10063.
29, 347
List the prime factors of 5414.
2, 2707
List the prime factors of 372.
2, 3, 31
What are the prime factors of 1537?
29, 53
List the prime factors of 15079.
17, 887
List the prime factors of 70027.
239, 293
What are the prime factors of 2055?
3, 5, 137
List the prime factors of 7871.
17, 463
What are the prime factors of 2428?
2, 607
What are the prime factors of 808?
2, 101
What are the prime factors of 1131?
3, 13, 29
List the prime factors of 44781.
3, 11, 23, 59
List the prime factors of 169935.
3, 5, 11329
What are the prime factors of 56681?
56681
List the prime factors of 186.
2, 3, 31
List the prime factors of 22759.
11, 2069
List the prime factors of 70780.
2, 5, 3539
List the prime factors of 9398.
2, 37, 127
List the prime factors of 2884.
2, 7, 103
What are the prime factors of 726?
2, 3, 11
What are the prime factors of 33?
3, 11
List the prime factors of 23539.
23539
List the prime factors of 1469.
13, 113
What are the prime factors of 6220?
2, 5, 311
What are the prime factors of 1109?
1109
List the prime factors of 1858.
2, 929
List the prime factors of 26539.
26539
List the prime factors of 27603.
3, 3067
List the prime factors of 8908.
2, 17, 131
List the prime factors of 914.
2, 457
List the prime factors of 45584.
2, 7, 11, 37
What are the prime factors of 114049?
13, 31, 283
List the prime factors of 4050.
2, 3, 5
List the prime factors of 277.
277
What are the prime factors of 1307?
1307
List the prime factors of 17801.
7, 2543
List the prime factors of 43528.
2, 5441
What are the prime factors of 749?
7, 107
What are the prime factors of 206?
2, 103
List the prime factors of 15898.
2, 7949
List the prime factors of 83471.
83471
What are the prime factors of 3032?
2, 379
List the prime factors of 17008.
2, 1063
What are the prime factors of 1170?
2, 3, 5, 13
What are the prime factors of 3392?
2, 53
What are the prime factors of 442?
2, 13, 17
List the prime factors of 5645.
5, 1129
What are the prime factors of 41421?
3, 13807
What are the prime factors of 14488?
2, 1811
List the prime